{"id":2,"date":"2021-08-09T13:42:20","date_gmt":"2021-08-09T13:42:20","guid":{"rendered":"https:\/\/tagesfamilien-risa.ch\/?page_id=2"},"modified":"2025-01-15T15:29:01","modified_gmt":"2025-01-15T13:29:01","slug":"sample-page","status":"publish","type":"page","link":"https:\/\/tagesfamilien-risa.ch\/","title":{"rendered":"Willkommen"},"content":{"rendered":"\n<div class=\"wp-block-group is-vertical is-layout-flex wp-container-core-group-is-layout-8cf370e7 wp-block-group-is-layout-flex\">\n<p>Die Gemeinde Richterswil-Samstagern ist bestrebt, ein bedarfsgerechtes und aufeinander abgestimmtes Angebot von familien- und schulerg\u00e4nzender Kinderbetreuung anzubieten, das die Vereinbarkeit von Familie und Beruf erleichtert. Zentrales Anliegen ist es, die Kinder in ihrem sozialen Verhalten und in ihrer Selbst\u00e4ndigkeit zu unterst\u00fctzen und sie zu eigenst\u00e4ndigem und verantwortungsvollem Handeln zu ermutigen. <\/p>\n\n\n\n<p>Der\u00a0<strong>Tagesfamilienverein Richterswil-Samstagern<\/strong>\u00a0bildet mit seinem flexiblen, individuellen und familiennahen Kinderbetreuungsangebot in der Gemeinde eine wichtige Erg\u00e4nzung zu KITA und Hort und bietet:<\/p>\n\n\n\n<div class=\"wp-block-group is-vertical is-layout-flex wp-container-core-group-is-layout-8cf370e7 wp-block-group-is-layout-flex\">\n<div class=\"wp-block-group is-vertical is-layout-flex wp-container-core-group-is-layout-8cf370e7 wp-block-group-is-layout-flex\">\n<ul class=\"wp-block-list\">\n<li>Vermittlung und Begleitung von Betreuungsverh\u00e4ltnissen durch unsere qualifizierte Vermittlerin f\u00fcr Kinder von 3       Monaten bis zum Ende der obligatorischen Schulzeit<\/li>\n\n\n\n<li>Einkommensabh\u00e4ngige Tarife<\/li>\n\n\n\n<li>Vertragliche Regelungen zwischen Betreuungspersonen in Tagesfamilien und Eltern<\/li>\n\n\n\n<li>Anstellung von Betreuungspersonen<\/li>\n\n\n\n<li>Aus- und Weiterbildung von Betreuungspersonen  <\/li>\n\n\n\n<li>Administrative Abwicklung der Betreuungsverh\u00e4ltnisse<\/li>\n<\/ul>\n<\/div>\n\n\n\n<p><\/p>\n\n\n\n<p>Wir begleiten die uns anvertrauten Kinder auf einem Teilst\u00fcck ihres Lebens, wobei ihr Wohlergehen im Zentrum steht. <\/p>\n\n\n\n<p>Als Mitglied des nationalen Dachverbandes &#8222;kibesuisse&#8220; setzen wir uns f\u00fcr die Einhaltung der Qualit\u00e4tsstandards in unserer T\u00e4tigkeit der familienerg\u00e4nzenden Bildung und Betreuung ein.<\/p>\n<\/div>\n\n\n\n<p><\/p>\n<\/div>\n\n\n\n<p><a href=\"https:\/\/tagesfamilien-risa.ch\/?page_id=12\" data-type=\"page\" data-id=\"12\"><mark style=\"background-color:rgba(0, 0, 0, 0)\" class=\"has-inline-color has-dark-gray-color\"><strong>Suchen Sie eine Tagesfamilie?<\/strong><\/mark><\/a><\/p>\n\n\n\n<p><mark><a href=\"https:\/\/tagesfamilien-risa.ch\/?page_id=10\" data-type=\"page\" data-id=\"10\" target=\"_blank\" rel=\"noreferrer noopener\"><mark style=\"background-color:#fff\" class=\"has-inline-color has-dark-gray-color\"><strong>M\u00f6chten Sie Tagesfamilie werden? <\/strong><\/mark><\/a><\/mark><\/p>\n\n\n\n<div class=\"wp-block-group is-vertical is-layout-flex wp-container-core-group-is-layout-8cf370e7 wp-block-group-is-layout-flex\">\n<p><strong>Was bedeutet die familienerg\u00e4nzende Kinderbetreuung in der Tagesfamilie?<\/strong><\/p>\n\n\n\n<ul class=\"wp-block-list\">\n<li>Erhalten Sie <a href=\"https:\/\/www.kinder-4.ch\/filmfinder\/auto\" data-type=\"link\" data-id=\"https:\/\/www.kinder-4.ch\/filmfinder\/auto\">hier <\/a>einen Einblick in eine Alltagssituation in der Tagesfamilie des Projekts &#8222;Kinder-4&#8220; der Bildungsdirektion des Kantons Z\u00fcrich (weitere Kurzfilme zu Alltagssituationen finden Sie unter <a href=\"https:\/\/www.kinder-4.ch\/filmfinder\" data-type=\"link\" data-id=\"https:\/\/www.kinder-4.ch\/filmfinder\">www..kinder-4.ch<\/a>)<\/li>\n\n\n\n<li>Lesen Sie <a href=\"https:\/\/tagesfamilien-risa.ch\/wp-content\/uploads\/2024\/11\/Profil_Tagesfamilienorganisation-von-kibesuisse.pdf\" data-type=\"link\" data-id=\"https:\/\/tagesfamilien-risa.ch\/wp-content\/uploads\/2024\/11\/Profil_Tagesfamilienorganisation-von-kibesuisse.pdf\">hier<\/a> die Publikation von &#8222;kibesuisse&#8220; von 2021: &#8222;Die Tagesfamilienorganisation &#8211; konstant, familiennah und individuell&#8220;<\/li>\n\n\n\n<li>Schauen Sie&nbsp;<a href=\"https:\/\/youtu.be\/MrFUqVAJJCQ\">hier<\/a>&nbsp;den Imagefilm des ehemaligen Vereins Z\u00fcrcher Tagesfamilien (VZT),&nbsp;ver\u00f6ffentlicht am 19.03.2016<\/li>\n<\/ul>\n<\/div>\n","protected":false},"excerpt":{"rendered":"<p>Die Gemeinde Richterswil-Samstagern ist bestrebt, ein bedarfsgerechtes und aufeinander abgestimmtes Angebot von familien- und schulerg\u00e4nzender Kinderbetreuung anzubieten, das die Vereinbarkeit von Familie und Beruf erleichtert. Zentrales Anliegen ist es, die Kinder in ihrem sozialen Verhalten und in ihrer Selbst\u00e4ndigkeit zu unterst\u00fctzen und sie zu eigenst\u00e4ndigem und verantwortungsvollem Handeln zu ermutigen. Der\u00a0Tagesfamilienverein Richterswil-Samstagern\u00a0bildet mit seinem flexiblen, &hellip; <a href=\"https:\/\/tagesfamilien-risa.ch\/\" class=\"more-link\"><span class=\"screen-reader-text\">Willkommen<\/span> weiterlesen<\/a><\/p>\n","protected":false},"author":4,"featured_media":0,"parent":0,"menu_order":0,"comment_status":"closed","ping_status":"closed","template":"","meta":{"footnotes":""},"class_list":["post-2","page","type-page","status-publish","hentry"],"yoast_head":"<!-- This site is optimized with the Yoast SEO plugin v27.4 - https:\/\/yoast.com\/product\/yoast-seo-wordpress\/ -->\n<title>Willkommen - Tagesfamilienverein Richterswil-Samstagern<\/title>\n<meta name=\"robots\" content=\"index, follow, max-snippet:-1, max-image-preview:large, max-video-preview:-1\" \/>\n<link rel=\"canonical\" href=\"https:\/\/tagesfamilien-risa.ch\/\" \/>\n<meta property=\"og:locale\" content=\"de_DE\" \/>\n<meta property=\"og:type\" content=\"article\" \/>\n<meta property=\"og:title\" content=\"Willkommen - Tagesfamilienverein Richterswil-Samstagern\" \/>\n<meta property=\"og:description\" content=\"Die Gemeinde Richterswil-Samstagern ist bestrebt, ein bedarfsgerechtes und aufeinander abgestimmtes Angebot von familien- und schulerg\u00e4nzender Kinderbetreuung anzubieten, das die Vereinbarkeit von Familie und Beruf erleichtert. Zentrales Anliegen ist es, die Kinder in ihrem sozialen Verhalten und in ihrer Selbst\u00e4ndigkeit zu unterst\u00fctzen und sie zu eigenst\u00e4ndigem und verantwortungsvollem Handeln zu ermutigen. Der\u00a0Tagesfamilienverein Richterswil-Samstagern\u00a0bildet mit seinem flexiblen, &hellip; Willkommen weiterlesen\" \/>\n<meta property=\"og:url\" content=\"https:\/\/tagesfamilien-risa.ch\/\" \/>\n<meta property=\"og:site_name\" content=\"Tagesfamilienverein Richterswil-Samstagern\" \/>\n<meta property=\"article:modified_time\" content=\"2025-01-15T13:29:01+00:00\" \/>\n<meta name=\"twitter:card\" content=\"summary_large_image\" \/>\n<meta name=\"twitter:label1\" content=\"Gesch\u00e4tzte Lesezeit\" \/>\n\t<meta name=\"twitter:data1\" content=\"1\u00a0Minute\" \/>\n<script type=\"application\/ld+json\" class=\"yoast-schema-graph\">{\"@context\":\"https:\\\/\\\/schema.org\",\"@graph\":[{\"@type\":\"WebPage\",\"@id\":\"https:\\\/\\\/tagesfamilien-risa.ch\\\/\",\"url\":\"https:\\\/\\\/tagesfamilien-risa.ch\\\/\",\"name\":\"Willkommen - Tagesfamilienverein Richterswil-Samstagern\",\"isPartOf\":{\"@id\":\"https:\\\/\\\/tagesfamilien-risa.ch\\\/#website\"},\"datePublished\":\"2021-08-09T13:42:20+00:00\",\"dateModified\":\"2025-01-15T13:29:01+00:00\",\"breadcrumb\":{\"@id\":\"https:\\\/\\\/tagesfamilien-risa.ch\\\/#breadcrumb\"},\"inLanguage\":\"de\",\"potentialAction\":[{\"@type\":\"ReadAction\",\"target\":[\"https:\\\/\\\/tagesfamilien-risa.ch\\\/\"]}]},{\"@type\":\"BreadcrumbList\",\"@id\":\"https:\\\/\\\/tagesfamilien-risa.ch\\\/#breadcrumb\",\"itemListElement\":[{\"@type\":\"ListItem\",\"position\":1,\"name\":\"Startseite\",\"item\":\"https:\\\/\\\/tagesfamilien-risa.ch\\\/\"},{\"@type\":\"ListItem\",\"position\":2,\"name\":\"Willkommen\"}]},{\"@type\":\"WebSite\",\"@id\":\"https:\\\/\\\/tagesfamilien-risa.ch\\\/#website\",\"url\":\"https:\\\/\\\/tagesfamilien-risa.ch\\\/\",\"name\":\"Tagesfamilienverein Richterswil-Samstagern\",\"description\":\"\",\"publisher\":{\"@id\":\"https:\\\/\\\/tagesfamilien-risa.ch\\\/#organization\"},\"potentialAction\":[{\"@type\":\"SearchAction\",\"target\":{\"@type\":\"EntryPoint\",\"urlTemplate\":\"https:\\\/\\\/tagesfamilien-risa.ch\\\/?s={search_term_string}\"},\"query-input\":{\"@type\":\"PropertyValueSpecification\",\"valueRequired\":true,\"valueName\":\"search_term_string\"}}],\"inLanguage\":\"de\"},{\"@type\":\"Organization\",\"@id\":\"https:\\\/\\\/tagesfamilien-risa.ch\\\/#organization\",\"name\":\"Tagesfamilienverein Richterswil-Samstagern\",\"url\":\"https:\\\/\\\/tagesfamilien-risa.ch\\\/\",\"logo\":{\"@type\":\"ImageObject\",\"inLanguage\":\"de\",\"@id\":\"https:\\\/\\\/tagesfamilien-risa.ch\\\/#\\\/schema\\\/logo\\\/image\\\/\",\"url\":\"https:\\\/\\\/tagesfamilien-risa.ch\\\/wp-content\\\/uploads\\\/2021\\\/08\\\/cropped-cropped-Screenshot-2021-06-16-at-22.58.11.png\",\"contentUrl\":\"https:\\\/\\\/tagesfamilien-risa.ch\\\/wp-content\\\/uploads\\\/2021\\\/08\\\/cropped-cropped-Screenshot-2021-06-16-at-22.58.11.png\",\"width\":1048,\"height\":87,\"caption\":\"Tagesfamilienverein Richterswil-Samstagern\"},\"image\":{\"@id\":\"https:\\\/\\\/tagesfamilien-risa.ch\\\/#\\\/schema\\\/logo\\\/image\\\/\"}}]}<\/script>\n<!-- \/ Yoast SEO plugin. -->","yoast_head_json":{"title":"Willkommen - Tagesfamilienverein Richterswil-Samstagern","robots":{"index":"index","follow":"follow","max-snippet":"max-snippet:-1","max-image-preview":"max-image-preview:large","max-video-preview":"max-video-preview:-1"},"canonical":"https:\/\/tagesfamilien-risa.ch\/","og_locale":"de_DE","og_type":"article","og_title":"Willkommen - Tagesfamilienverein Richterswil-Samstagern","og_description":"Die Gemeinde Richterswil-Samstagern ist bestrebt, ein bedarfsgerechtes und aufeinander abgestimmtes Angebot von familien- und schulerg\u00e4nzender Kinderbetreuung anzubieten, das die Vereinbarkeit von Familie und Beruf erleichtert. Zentrales Anliegen ist es, die Kinder in ihrem sozialen Verhalten und in ihrer Selbst\u00e4ndigkeit zu unterst\u00fctzen und sie zu eigenst\u00e4ndigem und verantwortungsvollem Handeln zu ermutigen. Der\u00a0Tagesfamilienverein Richterswil-Samstagern\u00a0bildet mit seinem flexiblen, &hellip; Willkommen weiterlesen","og_url":"https:\/\/tagesfamilien-risa.ch\/","og_site_name":"Tagesfamilienverein Richterswil-Samstagern","article_modified_time":"2025-01-15T13:29:01+00:00","twitter_card":"summary_large_image","twitter_misc":{"Gesch\u00e4tzte Lesezeit":"1\u00a0Minute"},"schema":{"@context":"https:\/\/schema.org","@graph":[{"@type":"WebPage","@id":"https:\/\/tagesfamilien-risa.ch\/","url":"https:\/\/tagesfamilien-risa.ch\/","name":"Willkommen - Tagesfamilienverein Richterswil-Samstagern","isPartOf":{"@id":"https:\/\/tagesfamilien-risa.ch\/#website"},"datePublished":"2021-08-09T13:42:20+00:00","dateModified":"2025-01-15T13:29:01+00:00","breadcrumb":{"@id":"https:\/\/tagesfamilien-risa.ch\/#breadcrumb"},"inLanguage":"de","potentialAction":[{"@type":"ReadAction","target":["https:\/\/tagesfamilien-risa.ch\/"]}]},{"@type":"BreadcrumbList","@id":"https:\/\/tagesfamilien-risa.ch\/#breadcrumb","itemListElement":[{"@type":"ListItem","position":1,"name":"Startseite","item":"https:\/\/tagesfamilien-risa.ch\/"},{"@type":"ListItem","position":2,"name":"Willkommen"}]},{"@type":"WebSite","@id":"https:\/\/tagesfamilien-risa.ch\/#website","url":"https:\/\/tagesfamilien-risa.ch\/","name":"Tagesfamilienverein Richterswil-Samstagern","description":"","publisher":{"@id":"https:\/\/tagesfamilien-risa.ch\/#organization"},"potentialAction":[{"@type":"SearchAction","target":{"@type":"EntryPoint","urlTemplate":"https:\/\/tagesfamilien-risa.ch\/?s={search_term_string}"},"query-input":{"@type":"PropertyValueSpecification","valueRequired":true,"valueName":"search_term_string"}}],"inLanguage":"de"},{"@type":"Organization","@id":"https:\/\/tagesfamilien-risa.ch\/#organization","name":"Tagesfamilienverein Richterswil-Samstagern","url":"https:\/\/tagesfamilien-risa.ch\/","logo":{"@type":"ImageObject","inLanguage":"de","@id":"https:\/\/tagesfamilien-risa.ch\/#\/schema\/logo\/image\/","url":"https:\/\/tagesfamilien-risa.ch\/wp-content\/uploads\/2021\/08\/cropped-cropped-Screenshot-2021-06-16-at-22.58.11.png","contentUrl":"https:\/\/tagesfamilien-risa.ch\/wp-content\/uploads\/2021\/08\/cropped-cropped-Screenshot-2021-06-16-at-22.58.11.png","width":1048,"height":87,"caption":"Tagesfamilienverein Richterswil-Samstagern"},"image":{"@id":"https:\/\/tagesfamilien-risa.ch\/#\/schema\/logo\/image\/"}}]}},"_links":{"self":[{"href":"https:\/\/tagesfamilien-risa.ch\/index.php?rest_route=\/wp\/v2\/pages\/2","targetHints":{"allow":["GET"]}}],"collection":[{"href":"https:\/\/tagesfamilien-risa.ch\/index.php?rest_route=\/wp\/v2\/pages"}],"about":[{"href":"https:\/\/tagesfamilien-risa.ch\/index.php?rest_route=\/wp\/v2\/types\/page"}],"author":[{"embeddable":true,"href":"https:\/\/tagesfamilien-risa.ch\/index.php?rest_route=\/wp\/v2\/users\/4"}],"replies":[{"embeddable":true,"href":"https:\/\/tagesfamilien-risa.ch\/index.php?rest_route=%2Fwp%2Fv2%2Fcomments&post=2"}],"version-history":[{"count":43,"href":"https:\/\/tagesfamilien-risa.ch\/index.php?rest_route=\/wp\/v2\/pages\/2\/revisions"}],"predecessor-version":[{"id":538,"href":"https:\/\/tagesfamilien-risa.ch\/index.php?rest_route=\/wp\/v2\/pages\/2\/revisions\/538"}],"wp:attachment":[{"href":"https:\/\/tagesfamilien-risa.ch\/index.php?rest_route=%2Fwp%2Fv2%2Fmedia&parent=2"}],"curies":[{"name":"wp","href":"https:\/\/api.w.org\/{rel}","templated":true}]}}

<div class="wp-block-group is-vertical is-layout-flex wp-container-core-group-is-layout-8cf370e7 wp-block-group-is-layout-flex">
<p>Die Gemeinde Richterswil-Samstagern ist bestrebt, ein bedarfsgerechtes und aufeinander abgestimmtes Angebot von familien- und schulergänzender Kinderbetreuung anzubieten, das die Vereinbarkeit von Familie und Beruf erleichtert. Zentrales Anliegen ist es, die Kinder in ihrem sozialen Verhalten und in ihrer Selbständigkeit zu unterstützen und sie zu eigenständigem und verantwortungsvollem Handeln zu ermutigen. </p>



<p>Der <strong>Tagesfamilienverein Richterswil-Samstagern</strong> bildet mit seinem flexiblen, individuellen und familiennahen Kinderbetreuungsangebot in der Gemeinde eine wichtige Ergänzung zu KITA und Hort und bietet:</p>



<div class="wp-block-group is-vertical is-layout-flex wp-container-core-group-is-layout-8cf370e7 wp-block-group-is-layout-flex">
<div class="wp-block-group is-vertical is-layout-flex wp-container-core-group-is-layout-8cf370e7 wp-block-group-is-layout-flex">
<ul class="wp-block-list">
<li>Vermittlung und Begleitung von Betreuungsverhältnissen durch unsere qualifizierte Vermittlerin für Kinder von 3       Monaten bis zum Ende der obligatorischen Schulzeit</li>



<li>Einkommensabhängige Tarife</li>



<li>Vertragliche Regelungen zwischen Betreuungspersonen in Tagesfamilien und Eltern</li>



<li>Anstellung von Betreuungspersonen</li>



<li>Aus- und Weiterbildung von Betreuungspersonen  </li>



<li>Administrative Abwicklung der Betreuungsverhältnisse</li>
</ul>
</div>



<p></p>



<p>Wir begleiten die uns anvertrauten Kinder auf einem Teilstück ihres Lebens, wobei ihr Wohlergehen im Zentrum steht. </p>



<p>Als Mitglied des nationalen Dachverbandes &#8222;kibesuisse&#8220; setzen wir uns für die Einhaltung der Qualitätsstandards in unserer Tätigkeit der familienergänzenden Bildung und Betreuung ein.</p>
</div>



<p></p>
</div>



<p><a href="https://tagesfamilien-risa.ch/?page_id=12" data-type="page" data-id="12"><mark style="background-color:rgba(0, 0, 0, 0)" class="has-inline-color has-dark-gray-color"><strong>Suchen Sie eine Tagesfamilie?</strong></mark></a></p>



<p><mark><a href="https://tagesfamilien-risa.ch/?page_id=10" data-type="page" data-id="10" target="_blank" rel="noreferrer noopener"><mark style="background-color:#fff" class="has-inline-color has-dark-gray-color"><strong>Möchten Sie Tagesfamilie werden? </strong></mark></a></mark></p>



<div class="wp-block-group is-vertical is-layout-flex wp-container-core-group-is-layout-8cf370e7 wp-block-group-is-layout-flex">
<p><strong>Was bedeutet die familienergänzende Kinderbetreuung in der Tagesfamilie?</strong></p>



<ul class="wp-block-list">
<li>Erhalten Sie <a href="https://www.kinder-4.ch/filmfinder/auto" data-type="link" data-id="https://www.kinder-4.ch/filmfinder/auto">hier </a>einen Einblick in eine Alltagssituation in der Tagesfamilie des Projekts &#8222;Kinder-4&#8220; der Bildungsdirektion des Kantons Zürich (weitere Kurzfilme zu Alltagssituationen finden Sie unter <a href="https://www.kinder-4.ch/filmfinder" data-type="link" data-id="https://www.kinder-4.ch/filmfinder">www..kinder-4.ch</a>)</li>



<li>Lesen Sie <a href="https://tagesfamilien-risa.ch/wp-content/uploads/2024/11/Profil_Tagesfamilienorganisation-von-kibesuisse.pdf" data-type="link" data-id="https://tagesfamilien-risa.ch/wp-content/uploads/2024/11/Profil_Tagesfamilienorganisation-von-kibesuisse.pdf">hier</a> die Publikation von &#8222;kibesuisse&#8220; von 2021: &#8222;Die Tagesfamilienorganisation &#8211; konstant, familiennah und individuell&#8220;</li>



<li>Schauen Sie&nbsp;<a href="https://youtu.be/MrFUqVAJJCQ">hier</a>&nbsp;den Imagefilm des ehemaligen Vereins Zürcher Tagesfamilien (VZT),&nbsp;veröffentlicht am 19.03.2016</li>
</ul>
</div>

<p>Die Gemeinde Richterswil-Samstagern ist bestrebt, ein bedarfsgerechtes und aufeinander abgestimmtes Angebot von familien- und schulergänzender Kinderbetreuung anzubieten, das die Vereinbarkeit von Familie und Beruf erleichtert. Zentrales Anliegen ist es, die Kinder in ihrem sozialen Verhalten und in ihrer Selbständigkeit zu unterstützen und sie zu eigenständigem und verantwortungsvollem Handeln zu ermutigen. Der Tagesfamilienverein Richterswil-Samstagern bildet mit seinem flexiblen, &hellip; <a href="https://tagesfamilien-risa.ch/" class="more-link"><span class="screen-reader-text">Willkommen</span> weiterlesen</a></p>

<!-- This site is optimized with the Yoast SEO plugin v27.4 - https://yoast.com/product/yoast-seo-wordpress/ -->
<title>Willkommen - Tagesfamilienverein Richterswil-Samstagern</title>
<meta name="robots" content="index, follow, max-snippet:-1, max-image-preview:large, max-video-preview:-1" />
<link rel="canonical" href="https://tagesfamilien-risa.ch/" />
<meta property="og:locale" content="de_DE" />
<meta property="og:type" content="article" />
<meta property="og:title" content="Willkommen - Tagesfamilienverein Richterswil-Samstagern" />
<meta property="og:description" content="Die Gemeinde Richterswil-Samstagern ist bestrebt, ein bedarfsgerechtes und aufeinander abgestimmtes Angebot von familien- und schulergänzender Kinderbetreuung anzubieten, das die Vereinbarkeit von Familie und Beruf erleichtert. Zentrales Anliegen ist es, die Kinder in ihrem sozialen Verhalten und in ihrer Selbständigkeit zu unterstützen und sie zu eigenständigem und verantwortungsvollem Handeln zu ermutigen. Der Tagesfamilienverein Richterswil-Samstagern bildet mit seinem flexiblen, &hellip; Willkommen weiterlesen" />
<meta property="og:url" content="https://tagesfamilien-risa.ch/" />
<meta property="og:site_name" content="Tagesfamilienverein Richterswil-Samstagern" />
<meta property="article:modified_time" content="2025-01-15T13:29:01+00:00" />
<meta name="twitter:card" content="summary_large_image" />
<meta name="twitter:label1" content="Geschätzte Lesezeit" />
	<meta name="twitter:data1" content="1 Minute" />
<script type="application/ld+json" class="yoast-schema-graph">{"@context":"https:\/\/schema.org","@graph":[{"@type":"WebPage","@id":"https:\/\/tagesfamilien-risa.ch\/","url":"https:\/\/tagesfamilien-risa.ch\/","name":"Willkommen - Tagesfamilienverein Richterswil-Samstagern","isPartOf":{"@id":"https:\/\/tagesfamilien-risa.ch\/#website"},"datePublished":"2021-08-09T13:42:20+00:00","dateModified":"2025-01-15T13:29:01+00:00","breadcrumb":{"@id":"https:\/\/tagesfamilien-risa.ch\/#breadcrumb"},"inLanguage":"de","potentialAction":[{"@type":"ReadAction","target":["https:\/\/tagesfamilien-risa.ch\/"]}]},{"@type":"BreadcrumbList","@id":"https:\/\/tagesfamilien-risa.ch\/#breadcrumb","itemListElement":[{"@type":"ListItem","position":1,"name":"Startseite","item":"https:\/\/tagesfamilien-risa.ch\/"},{"@type":"ListItem","position":2,"name":"Willkommen"}]},{"@type":"WebSite","@id":"https:\/\/tagesfamilien-risa.ch\/#website","url":"https:\/\/tagesfamilien-risa.ch\/","name":"Tagesfamilienverein Richterswil-Samstagern","description":"","publisher":{"@id":"https:\/\/tagesfamilien-risa.ch\/#organization"},"potentialAction":[{"@type":"SearchAction","target":{"@type":"EntryPoint","urlTemplate":"https:\/\/tagesfamilien-risa.ch\/?s={search_term_string}"},"query-input":{"@type":"PropertyValueSpecification","valueRequired":true,"valueName":"search_term_string"}}],"inLanguage":"de"},{"@type":"Organization","@id":"https:\/\/tagesfamilien-risa.ch\/#organization","name":"Tagesfamilienverein Richterswil-Samstagern","url":"https:\/\/tagesfamilien-risa.ch\/","logo":{"@type":"ImageObject","inLanguage":"de","@id":"https:\/\/tagesfamilien-risa.ch\/#\/schema\/logo\/image\/","url":"https:\/\/tagesfamilien-risa.ch\/wp-content\/uploads\/2021\/08\/cropped-cropped-Screenshot-2021-06-16-at-22.58.11.png","contentUrl":"https:\/\/tagesfamilien-risa.ch\/wp-content\/uploads\/2021\/08\/cropped-cropped-Screenshot-2021-06-16-at-22.58.11.png","width":1048,"height":87,"caption":"Tagesfamilienverein Richterswil-Samstagern"},"image":{"@id":"https:\/\/tagesfamilien-risa.ch\/#\/schema\/logo\/image\/"}}]}</script>
<!-- / Yoast SEO plugin. -->

Die Gemeinde Richterswil-Samstagern ist bestrebt, ein bedarfsgerechtes und aufeinander abgestimmtes Angebot von familien- und schulergänzender Kinderbetreuung anzubieten, das die Vereinbarkeit von Familie und Beruf erleichtert. Zentrales Anliegen ist es, die Kinder in ihrem sozialen Verhalten und in ihrer Selbständigkeit zu unterstützen und sie zu eigenständigem und verantwortungsvollem Handeln zu ermutigen. Der Tagesfamilienverein Richterswil-Samstagern bildet mit seinem flexiblen, &hellip; Willkommen weiterlesen
