{"id":10,"date":"2021-08-09T14:28:29","date_gmt":"2021-08-09T14:28:29","guid":{"rendered":"https:\/\/tagesfamilien-risa.ch\/?page_id=10"},"modified":"2025-08-27T10:25:36","modified_gmt":"2025-08-27T08:25:36","slug":"fuer-tagesfamilien","status":"publish","type":"page","link":"https:\/\/tagesfamilien-risa.ch\/?page_id=10","title":{"rendered":"F\u00fcr Tagesfamilien"},"content":{"rendered":"\n<p>M\u00f6chten Sie eines oder mehrere Kinder tags\u00fcber in Ihrer Familie aufnehmen? Diese sch\u00f6ne wie auch anspruchsvolle Aufgabe bedingt:<\/p>\n\n\n\n<ul class=\"wp-block-list\">\n<li>Eine liebevolle Betreuung der Tageskinder in einer sicheren und sauberen Umgebung<\/li>\n\n\n\n<li>Die Unterst\u00fctzung der kindlichen Entwicklung in sozialer, emotionaler und kognitiver Hinsicht<\/li>\n\n\n\n<li>Eine enge Zusammenarbeit mit den Eltern, konstruktiv und wertsch\u00e4tzend f\u00fcr die ganzheitliche Entwicklung der Kinder<\/li>\n\n\n\n<li>Die Durchf\u00fchrung kreativer und bildender Aktivit\u00e4ten<\/li>\n\n\n\n<li>Die Bereitschaft zur Aus- und j\u00e4hrlichen beruflichen Weiterbildung<\/li>\n\n\n\n<li>Die Umsetzung der Vorgaben der Tr\u00e4gerschaft bez\u00fcglich p\u00e4dagogischem Konzept, Verhaltenskodex, Unfallverh\u00fctung, Hygiene, Datenschutz<\/li>\n\n\n\n<li>Die Einreichung monatlicher Stundenrapporte<\/li>\n<\/ul>\n\n\n\n<p>Grunds\u00e4tzlich braucht es daf\u00fcr Freude an der Betreuungst\u00e4tigkeit, Toleranz und Offenheit. Daneben wichtig sind:<\/p>\n\n\n\n<ul class=\"wp-block-list\">\n<li>Erfahrung im Umgang mit Kindern<\/li>\n\n\n\n<li>Viel Geduld<\/li>\n\n\n\n<li>Eine wertsch\u00e4tzende Haltung<\/li>\n\n\n\n<li>Kreativit\u00e4t und die F\u00e4higkeit, eine anregende Umgebung zu schaffen<\/li>\n\n\n\n<li>Kommunikationsst\u00e4rke<\/li>\n\n\n\n<li>Toleranz f\u00fcr andere Kulturen, Religionen etc.<\/li>\n\n\n\n<li>Die F\u00e4higkeit zur Reflexion bez\u00fcglich der Betreuungst\u00e4tigkeit<\/li>\n\n\n\n<li>Ein einwandfreier Leumund (Strafregisterauszug)<\/li>\n\n\n\n<li>Eine ger\u00e4umige und kinderfreundlich eingerichtete Wohnung<\/li>\n\n\n\n<li>Eine g\u00fcltige Arbeitsbewilligung f\u00fcr die Schweiz<\/li>\n\n\n\n<li>Gute Deutschkenntnisse (mind. Niveau B1 <\/li>\n<\/ul>\n\n\n\n<p>Die von unserem Verein angestellten Betreuungspersonen in Tagesfamilien profitieren von fachlicher Begleitung und Beratung sowie von kontinuierlichen Aus-&nbsp;und Weiterbildungen.<\/p>\n\n\n\n<p>Zur Wegleitung und Orientierung bei der familienerg\u00e4nzenden Betreuungsarbeit dient Ihnen das vom nationalen Dachverband kibesuisse herausgegebene\u00a0<a href=\"https:\/\/tagesfamilien-risa.ch\/wp-content\/uploads\/2024\/12\/2017_Paedagogisches-Konzept_deutsch_2017_Ablage.pdf\" data-type=\"link\" data-id=\"https:\/\/tagesfamilien-risa.ch\/wp-content\/uploads\/2024\/12\/2017_Paedagogisches-Konzept_deutsch_2017_Ablage.pdf\"><a href=\"https:\/\/tagesfamilien-risa.ch\/wp-content\/uploads\/2024\/12\/2017_Paedagogisches-Konzept_deutsch_2017_Ablage.pdf\">p\u00e4dagogische Konzept f\u00fcr die Tagesfamilienbetreuung<\/a><\/a>, welches detailliert auf die Bed\u00fcrfnisse der Kinder ausgerichtet wurde.<\/p>\n\n\n\n<p>F\u00fchlen Sie sich angesprochen und sind Sie bereit, eine l\u00e4nger dauernde Verpflichtung zu \u00fcbernehmen, dann freuen wir uns \u00fcber <a href=\"https:\/\/tagesfamilien-risa.ch\/wp-content\/uploads\/2024\/06\/Bewerbungsformular-Tagesfamilien-1.1.2024.pdf\" data-type=\"link\" data-id=\"https:\/\/tagesfamilien-risa.ch\/wp-content\/uploads\/2024\/06\/Bewerbungsformular-Tagesfamilien-1.1.2024.pdf\">Ihre Bewerbung<\/a> oder Ihre Kontaktnahme mit unserer Vermittlerin f\u00fcr weitere Informationen.<\/p>\n\n\n\n<p><strong>Zugeh\u00f6rige Unterlagen<\/strong>:<\/p>\n\n\n\n<p><a href=\"https:\/\/tagesfamilien-risa.ch\/wp-content\/uploads\/2024\/06\/Bewerbungsformular-Tagesfamilien-1.1.2024.pdf\" data-type=\"link\" data-id=\"https:\/\/tagesfamilien-risa.ch\/wp-content\/uploads\/2024\/06\/Bewerbungsformular-Tagesfamilien-1.1.2024.pdf\">Bewerbung Betreuungsperson in Tagesfamilien<\/a><\/p>\n\n\n\n<div class=\"wp-block-columns is-layout-flex wp-container-core-columns-is-layout-9d6595d7 wp-block-columns-is-layout-flex\">\n<div class=\"wp-block-column is-layout-flow wp-block-column-is-layout-flow\">\n<p><a href=\"https:\/\/tagesfamilien-risa.ch\/wp-content\/uploads\/2025\/04\/Broschuere_TFV-Betriebsregl.-04.2025-1.pdf\" data-type=\"link\" data-id=\"https:\/\/tagesfamilien-risa.ch\/wp-content\/uploads\/2025\/04\/Broschuere_TFV-Betriebsregl.-04.2025.pdf\">Betriebs- und Beitragsreglement\/-verordnung g\u00fcltig ab 1. August 2025<\/a><\/p>\n<\/div>\n<\/div>\n\n\n\n<p><strong>Weitere Links:<\/strong><\/p>\n\n\n\n<p><a href=\"http:\/\/www.kibesuisse.ch\" data-type=\"URL\" data-id=\"www.kibesuisse.ch\" target=\"_blank\" rel=\"noreferrer noopener\">kibesuisse<\/a><\/p>\n\n\n\n<p>G<a rel=\"noreferrer noopener\" href=\"http:\/\/www.richterswil.ch\" data-type=\"URL\" data-id=\"www.richterswil.ch\" target=\"_blank\">emeinde Richterswil<\/a><\/p>\n","protected":false},"excerpt":{"rendered":"<p>M\u00f6chten Sie eines oder mehrere Kinder tags\u00fcber in Ihrer Familie aufnehmen? Diese sch\u00f6ne wie auch anspruchsvolle Aufgabe bedingt: Grunds\u00e4tzlich braucht es daf\u00fcr Freude an der Betreuungst\u00e4tigkeit, Toleranz und Offenheit. Daneben wichtig sind: Die von unserem Verein angestellten Betreuungspersonen in Tagesfamilien profitieren von fachlicher Begleitung und Beratung sowie von kontinuierlichen Aus-&nbsp;und Weiterbildungen. Zur Wegleitung und Orientierung &hellip; <a href=\"https:\/\/tagesfamilien-risa.ch\/?page_id=10\" class=\"more-link\"><span class=\"screen-reader-text\">F\u00fcr Tagesfamilien<\/span> weiterlesen<\/a><\/p>\n","protected":false},"author":4,"featured_media":0,"parent":0,"menu_order":0,"comment_status":"closed","ping_status":"closed","template":"","meta":{"footnotes":""},"class_list":["post-10","page","type-page","status-publish","hentry"],"yoast_head":"<!-- This site is optimized with the Yoast SEO plugin v27.4 - https:\/\/yoast.com\/product\/yoast-seo-wordpress\/ -->\n<title>F\u00fcr Tagesfamilien - Tagesfamilienverein Richterswil-Samstagern<\/title>\n<meta name=\"robots\" content=\"index, follow, max-snippet:-1, max-image-preview:large, max-video-preview:-1\" \/>\n<link rel=\"canonical\" href=\"https:\/\/tagesfamilien-risa.ch\/?page_id=10\" \/>\n<meta property=\"og:locale\" content=\"de_DE\" \/>\n<meta property=\"og:type\" content=\"article\" \/>\n<meta property=\"og:title\" content=\"F\u00fcr Tagesfamilien - Tagesfamilienverein Richterswil-Samstagern\" \/>\n<meta property=\"og:description\" content=\"M\u00f6chten Sie eines oder mehrere Kinder tags\u00fcber in Ihrer Familie aufnehmen? Diese sch\u00f6ne wie auch anspruchsvolle Aufgabe bedingt: Grunds\u00e4tzlich braucht es daf\u00fcr Freude an der Betreuungst\u00e4tigkeit, Toleranz und Offenheit. Daneben wichtig sind: Die von unserem Verein angestellten Betreuungspersonen in Tagesfamilien profitieren von fachlicher Begleitung und Beratung sowie von kontinuierlichen Aus-&nbsp;und Weiterbildungen. Zur Wegleitung und Orientierung &hellip; F\u00fcr Tagesfamilien weiterlesen\" \/>\n<meta property=\"og:url\" content=\"https:\/\/tagesfamilien-risa.ch\/?page_id=10\" \/>\n<meta property=\"og:site_name\" content=\"Tagesfamilienverein Richterswil-Samstagern\" \/>\n<meta property=\"article:modified_time\" content=\"2025-08-27T08:25:36+00:00\" \/>\n<meta name=\"twitter:card\" content=\"summary_large_image\" \/>\n<meta name=\"twitter:label1\" content=\"Gesch\u00e4tzte Lesezeit\" \/>\n\t<meta name=\"twitter:data1\" content=\"1\u00a0Minute\" \/>\n<script type=\"application\/ld+json\" class=\"yoast-schema-graph\">{\"@context\":\"https:\\\/\\\/schema.org\",\"@graph\":[{\"@type\":\"WebPage\",\"@id\":\"https:\\\/\\\/tagesfamilien-risa.ch\\\/?page_id=10\",\"url\":\"https:\\\/\\\/tagesfamilien-risa.ch\\\/?page_id=10\",\"name\":\"F\u00fcr Tagesfamilien - Tagesfamilienverein Richterswil-Samstagern\",\"isPartOf\":{\"@id\":\"https:\\\/\\\/tagesfamilien-risa.ch\\\/#website\"},\"datePublished\":\"2021-08-09T14:28:29+00:00\",\"dateModified\":\"2025-08-27T08:25:36+00:00\",\"breadcrumb\":{\"@id\":\"https:\\\/\\\/tagesfamilien-risa.ch\\\/?page_id=10#breadcrumb\"},\"inLanguage\":\"de\",\"potentialAction\":[{\"@type\":\"ReadAction\",\"target\":[\"https:\\\/\\\/tagesfamilien-risa.ch\\\/?page_id=10\"]}]},{\"@type\":\"BreadcrumbList\",\"@id\":\"https:\\\/\\\/tagesfamilien-risa.ch\\\/?page_id=10#breadcrumb\",\"itemListElement\":[{\"@type\":\"ListItem\",\"position\":1,\"name\":\"Startseite\",\"item\":\"https:\\\/\\\/tagesfamilien-risa.ch\\\/\"},{\"@type\":\"ListItem\",\"position\":2,\"name\":\"F\u00fcr Tagesfamilien\"}]},{\"@type\":\"WebSite\",\"@id\":\"https:\\\/\\\/tagesfamilien-risa.ch\\\/#website\",\"url\":\"https:\\\/\\\/tagesfamilien-risa.ch\\\/\",\"name\":\"Tagesfamilienverein Richterswil-Samstagern\",\"description\":\"\",\"publisher\":{\"@id\":\"https:\\\/\\\/tagesfamilien-risa.ch\\\/#organization\"},\"potentialAction\":[{\"@type\":\"SearchAction\",\"target\":{\"@type\":\"EntryPoint\",\"urlTemplate\":\"https:\\\/\\\/tagesfamilien-risa.ch\\\/?s={search_term_string}\"},\"query-input\":{\"@type\":\"PropertyValueSpecification\",\"valueRequired\":true,\"valueName\":\"search_term_string\"}}],\"inLanguage\":\"de\"},{\"@type\":\"Organization\",\"@id\":\"https:\\\/\\\/tagesfamilien-risa.ch\\\/#organization\",\"name\":\"Tagesfamilienverein Richterswil-Samstagern\",\"url\":\"https:\\\/\\\/tagesfamilien-risa.ch\\\/\",\"logo\":{\"@type\":\"ImageObject\",\"inLanguage\":\"de\",\"@id\":\"https:\\\/\\\/tagesfamilien-risa.ch\\\/#\\\/schema\\\/logo\\\/image\\\/\",\"url\":\"https:\\\/\\\/tagesfamilien-risa.ch\\\/wp-content\\\/uploads\\\/2021\\\/08\\\/cropped-cropped-Screenshot-2021-06-16-at-22.58.11.png\",\"contentUrl\":\"https:\\\/\\\/tagesfamilien-risa.ch\\\/wp-content\\\/uploads\\\/2021\\\/08\\\/cropped-cropped-Screenshot-2021-06-16-at-22.58.11.png\",\"width\":1048,\"height\":87,\"caption\":\"Tagesfamilienverein Richterswil-Samstagern\"},\"image\":{\"@id\":\"https:\\\/\\\/tagesfamilien-risa.ch\\\/#\\\/schema\\\/logo\\\/image\\\/\"}}]}<\/script>\n<!-- \/ Yoast SEO plugin. -->","yoast_head_json":{"title":"F\u00fcr Tagesfamilien - Tagesfamilienverein Richterswil-Samstagern","robots":{"index":"index","follow":"follow","max-snippet":"max-snippet:-1","max-image-preview":"max-image-preview:large","max-video-preview":"max-video-preview:-1"},"canonical":"https:\/\/tagesfamilien-risa.ch\/?page_id=10","og_locale":"de_DE","og_type":"article","og_title":"F\u00fcr Tagesfamilien - Tagesfamilienverein Richterswil-Samstagern","og_description":"M\u00f6chten Sie eines oder mehrere Kinder tags\u00fcber in Ihrer Familie aufnehmen? Diese sch\u00f6ne wie auch anspruchsvolle Aufgabe bedingt: Grunds\u00e4tzlich braucht es daf\u00fcr Freude an der Betreuungst\u00e4tigkeit, Toleranz und Offenheit. Daneben wichtig sind: Die von unserem Verein angestellten Betreuungspersonen in Tagesfamilien profitieren von fachlicher Begleitung und Beratung sowie von kontinuierlichen Aus-&nbsp;und Weiterbildungen. Zur Wegleitung und Orientierung &hellip; F\u00fcr Tagesfamilien weiterlesen","og_url":"https:\/\/tagesfamilien-risa.ch\/?page_id=10","og_site_name":"Tagesfamilienverein Richterswil-Samstagern","article_modified_time":"2025-08-27T08:25:36+00:00","twitter_card":"summary_large_image","twitter_misc":{"Gesch\u00e4tzte Lesezeit":"1\u00a0Minute"},"schema":{"@context":"https:\/\/schema.org","@graph":[{"@type":"WebPage","@id":"https:\/\/tagesfamilien-risa.ch\/?page_id=10","url":"https:\/\/tagesfamilien-risa.ch\/?page_id=10","name":"F\u00fcr Tagesfamilien - Tagesfamilienverein Richterswil-Samstagern","isPartOf":{"@id":"https:\/\/tagesfamilien-risa.ch\/#website"},"datePublished":"2021-08-09T14:28:29+00:00","dateModified":"2025-08-27T08:25:36+00:00","breadcrumb":{"@id":"https:\/\/tagesfamilien-risa.ch\/?page_id=10#breadcrumb"},"inLanguage":"de","potentialAction":[{"@type":"ReadAction","target":["https:\/\/tagesfamilien-risa.ch\/?page_id=10"]}]},{"@type":"BreadcrumbList","@id":"https:\/\/tagesfamilien-risa.ch\/?page_id=10#breadcrumb","itemListElement":[{"@type":"ListItem","position":1,"name":"Startseite","item":"https:\/\/tagesfamilien-risa.ch\/"},{"@type":"ListItem","position":2,"name":"F\u00fcr Tagesfamilien"}]},{"@type":"WebSite","@id":"https:\/\/tagesfamilien-risa.ch\/#website","url":"https:\/\/tagesfamilien-risa.ch\/","name":"Tagesfamilienverein Richterswil-Samstagern","description":"","publisher":{"@id":"https:\/\/tagesfamilien-risa.ch\/#organization"},"potentialAction":[{"@type":"SearchAction","target":{"@type":"EntryPoint","urlTemplate":"https:\/\/tagesfamilien-risa.ch\/?s={search_term_string}"},"query-input":{"@type":"PropertyValueSpecification","valueRequired":true,"valueName":"search_term_string"}}],"inLanguage":"de"},{"@type":"Organization","@id":"https:\/\/tagesfamilien-risa.ch\/#organization","name":"Tagesfamilienverein Richterswil-Samstagern","url":"https:\/\/tagesfamilien-risa.ch\/","logo":{"@type":"ImageObject","inLanguage":"de","@id":"https:\/\/tagesfamilien-risa.ch\/#\/schema\/logo\/image\/","url":"https:\/\/tagesfamilien-risa.ch\/wp-content\/uploads\/2021\/08\/cropped-cropped-Screenshot-2021-06-16-at-22.58.11.png","contentUrl":"https:\/\/tagesfamilien-risa.ch\/wp-content\/uploads\/2021\/08\/cropped-cropped-Screenshot-2021-06-16-at-22.58.11.png","width":1048,"height":87,"caption":"Tagesfamilienverein Richterswil-Samstagern"},"image":{"@id":"https:\/\/tagesfamilien-risa.ch\/#\/schema\/logo\/image\/"}}]}},"_links":{"self":[{"href":"https:\/\/tagesfamilien-risa.ch\/index.php?rest_route=\/wp\/v2\/pages\/10","targetHints":{"allow":["GET"]}}],"collection":[{"href":"https:\/\/tagesfamilien-risa.ch\/index.php?rest_route=\/wp\/v2\/pages"}],"about":[{"href":"https:\/\/tagesfamilien-risa.ch\/index.php?rest_route=\/wp\/v2\/types\/page"}],"author":[{"embeddable":true,"href":"https:\/\/tagesfamilien-risa.ch\/index.php?rest_route=\/wp\/v2\/users\/4"}],"replies":[{"embeddable":true,"href":"https:\/\/tagesfamilien-risa.ch\/index.php?rest_route=%2Fwp%2Fv2%2Fcomments&post=10"}],"version-history":[{"count":35,"href":"https:\/\/tagesfamilien-risa.ch\/index.php?rest_route=\/wp\/v2\/pages\/10\/revisions"}],"predecessor-version":[{"id":595,"href":"https:\/\/tagesfamilien-risa.ch\/index.php?rest_route=\/wp\/v2\/pages\/10\/revisions\/595"}],"wp:attachment":[{"href":"https:\/\/tagesfamilien-risa.ch\/index.php?rest_route=%2Fwp%2Fv2%2Fmedia&parent=10"}],"curies":[{"name":"wp","href":"https:\/\/api.w.org\/{rel}","templated":true}]}}